s divided by 15?
12
What is the remainder when 2892 is divided by 1409?
74
What is the remainder when 423450 is divided by 37?
22
Calculate the remainder when 124848 is divided by 637.
633
Calculate the remainder when 102061 is divided by 34012.
25
Calculate the remainder when 1267 is divided by 619.
29
Calculate the remainder when 48392 is divided by 256.
8
What is the remainder when 1719 is divided by 359?
283
Calculate the remainder when 194384 is divided by 10798.
20
Calculate the remainder when 450 is divided by 331.
119
What is the remainder when 122677 is divided by 1496?
5
What is the remainder when 41364 is divided by 37?
35
Calculate the remainder when 9536 is divided by 51.
50
What is the remainder when 4352 is divided by 691?
206
Calculate the remainder when 2262 is divided by 195.
117
Calculate the remainder when 504866 is divided by 50485.
16
What is the remainder when 99969 is divided by 48?
33
Calculate the remainder when 597854 is divided by 272.
270
Calculate the remainder when 22232 is divided by 1234.
20
What is the remainder when 1106501 is divided by 80?
21
Calculate the remainder when 105751 is divided by 13.
9
What is the remainder when 24328 is divided by 15?
13
What is the remainder when 47079 is divided by 9366?
249
Calculate the remainder when 5629 is divided by 1891.
1847
What is the remainder when 287115 is divided by 95702?
9
Calculate the remainder when 33787 is divided by 134.
19
What is the remainder when 18257 is divided by 156?
5
What is the remainder when 6524 is divided by 9?
8
Calculate the remainder when 104794 is divided by 121.
8
Calculate the remainder when 1676 is divided by 436.
368
Calculate the remainder when 5156 is divided by 1037.
1008
Calculate the remainder when 8391 is divided by 458.
147
What is the remainder when 12594 is divided by 252?
246
What is the remainder when 617759 is divided by 24?
23
Calculate the remainder when 2238 is divided by 140.
138
What is the remainder when 75557 is divided by 259?
188
Calculate the remainder when 6898 is divided by 943.
297
What is the remainder when 1017 is divided by 450?
117
Calculate the remainder when 11800 is divided by 3710.
670
What is the remainder when 4388 is divided by 870?
38
What is the remainder when 115624 is divided by 1393?
5
What is the remainder when 123466 is divided by 280?
266
Calculate the remainder when 953 is divided by 131.
36
Calculate the remainder when 75313 is divided by 613.
527
What is the remainder when 362 is divided by 354?
8
What is the remainder when 7089 is divided by 2347?
48
What is the remainder when 12955 is divided by 80?
75
Calculate the remainder when 155206 is divided by 504.
478
What is the remainder when 707153 is divided by 101021?
6
Calculate the remainder when 18136 is divided by 20.
16
Calculate the remainder when 2215025 is divided by 726.
725
Calculate the remainder when 14237 is divided by 1183.
41
Calculate the remainder when 661709 is divided by 39.
35
Calculate the remainder when 364017 is divided by 12.
9
What is the remainder when 223375 is divided by 16?
15
What is the remainder when 5119 is divided by 13?
10
What is the remainder when 5046 is divided by 435?
261
What is the remainder when 7535 is divided by 689?
645
Calculate the remainder when 7365 is divided by 3680.
5
Calculate the remainder when 19509 is divided by 1038.
825
What is the remainder when 184 is divided by 112?
72
Calculate the remainder when 27598 is divided by 1105.
1078
Calculate the remainder when 29808 is divided by 738.
288
What is the remainder when 264373 is divided by 11?
10
Calculate the remainder when 3898 is divided by 172.
114
Calculate the remainder when 2255 is divided by 2242.
13
Calculate the remainder when 6994 is divided by 589.
515
Calculate the remainder when 1671 is divided by 1359.
312
What is the remainder when 11853093 is divided by 109?
106
Calculate the remainder when 6355 is divided by 1941.
532
What is the remainder when 12242 is divided by 21?
20
Calculate the remainder when 9414 is divided by 1219.
881
What is the remainder when 107000 is divided by 435?
425
Calculate the remainder when 3754 is divided by 62.
34
What is the remainder when 111184 is divided by 18?
16
What is the remainder when 57228 is divided by 14258?
196
What is the remainder when 3532859 is divided by 57?
56
What is the remainder when 5552 is divided by 679?
120
Calculate the remainder when 1913 is divided by 385.
373
Calculate the remainder when 26316 is divided by 26295.
21
Calculate the remainder when 3478 is divided by 65.
33
Calculate the remainder when 13786 is divided by 341.
146
Calculate the remainder when 280 is divided by 96.
88
What is the remainder when 55676 is divided by 67?
66
What is the remainder when 10260 is divided by 671?
195
What is the remainder when 83613 is divided by 17?
7
Calculate the remainder when 7346 is divided by 7299.
47
Calculate the remainder when 4652 is divided by 673.
614
Calculate the remainder when 122301 is divided by 52.
49
Calculate the remainder when 819836 is divided by 168.
164
What is the remainder when 16326 is divided by 1811?
27
Calculate the remainder when 22782 is divided by 27.
21
Calculate the remainder when 26797 is divided by 1914.
1
Calculate the remainder when 424 is divided by 28.
4
Calculate the remainder when 5997 is divided by 87.
81
Calculate the remainder when 52428 is divided by 52.
12
What is the remainder when 6311 is divided by 6222?
89
Calculate the remainder when 8927 is divided by 892.
7
Calculate the remainder when 39951 is divided by 277.
63
Calculate the remainder when 1908 is divided by 26.
10
Calculate the remainder when 82205 is divided by 73.
7
Calculate the remainder when 352 is divided by 183.
169
Calculate the remainder when 115181 is divided by 184.
181
What is the remainder when 127181 is divided by 270?
11
What is the remainder when 69345 is divided by 141?
114
Calculate the remainder when 153934 is divided by 106.
22
Calculate the remainder when 39475 is divided by 71.
70
What is the remainder when 147671 is divided by 7772?
3
What is the remainder when 164248 is divided by 2079?
7
What is the remainder when 118906 is divided by 367?
365
What is the remainder when 43927 is divided by 115?
112
What is the remainder when 137956 is divided by 6?
4
Calculate the remainder when 1663641 is divided by 4.
1
Calculate the remainder when 2618 is divided by 910.
798
Calculate the remainder when 7521 is divided by 12.
9
Calculate the remainder when 273505 is divided by 45.
40
Calculate the remainder when 2207039 is divided by 160.
159
Calculate the remainder when 1045 is divided by 59.
42
Calculate the remainder when 49125 is divided by 15.
0
What is the remainder when 818900 is divided by 385?
5
Calculate the remainder when 354673 is divided by 106.
103
What is the remainder when 126422 is divided by 2430?
62
Calculate the remainder when 25870 is divided by 8279.
1033
What is the remainder when 874299 is divided by 8171?
2
What is the remainder when 452 is divided by 77?
67
What is the remainder when 332 is divided by 53?
14
What is the remainder when 125356 is divided by 67?
66
Calculate the remainder when 89733 is divided by 52.
33
What is the remainder when 5157 is divided by 148?
125
What is the remainder when 4799 is divided by 303?
254
Calculate the remainder when 11592 is divided by 1931.
6
What is the remainder when 3363 is divided by 142?
97
Calculate the remainder when 5097 is divided by 105.
57
What is the remainder when 580664 is divided by 1448?
16
Calculate the remainder when 76866 is divided by 97.
42
Calculate the remainder when 61791 is divided by 175.
16
What is the remainder when 10238 is divided by 2007?
203
Calculate the remainder when 46214 is divided by 924.
14
Calculate the remainder when 185554 is divided by 629.
628
Calculate the remainder when 111214 is divided by 670.
664
Calculate the remainder when 7836 is divided by 60.
36
Calculate the remainder when 630159 is divided by 315076.
7
Calculate the remainder when 703913 is divided by 7.
0
What is the remainder when 6217032 is divided by 1258?
1254
Calculate the remainder when 18135 is divided by 6045.
0
What is the remainder when 1328141 is divided by 25?
16
What is